{"id":59,"date":"2015-01-15T15:39:56","date_gmt":"2015-01-15T15:39:56","guid":{"rendered":"http:\/\/www.amalurcooperativaintegral.org\/lasemilla\/?page_id=59"},"modified":"2015-04-23T17:35:19","modified_gmt":"2015-04-23T17:35:19","slug":"de-tinta-papel-y-corazon","status":"publish","type":"page","link":"https:\/\/www.amalurcooperativaintegral.org\/lasemilla\/?page_id=59","title":{"rendered":"De tinta, Papel y Coraz\u00f3n"},"content":{"rendered":"<p><a href=\"http:\/\/www.amalurcooperativaintegral.org\/lasemilla\/?cat=14\">ARTICULOS<\/a><\/p>\n<p>Esta secci\u00f3n queremos dedicarla, a l@s artistas de la tinta y el papel, y que adem\u00e1s ponen el coraz\u00f3n en lo que hacen, poes\u00eda, y literatura sentida y que haga sentir. Tiene cabida en estas p\u00e1ginas de LA SEMILLA tod@s aquell@s que les guste expresar sus sentimientos a trav\u00e9s de la escritura, tanto autores noveles como reconocid@s tienen su lugar aqu\u00ed, para llegar a todos los rincones, donde exista un coraz\u00f3n sensible y abierto a ser tocado. Bienvenid@s a la expresi\u00f3n de nuestros sentimientos&#8230;bienvenid@s a nuestros propios corazones&#8230;<\/p>\n<p><a href=\"http:\/\/www.amalurcooperativaintegral.org\/lasemilla\/wp-content\/uploads\/2015\/01\/de-tinta-papel-y-corazon.jpg\"><img loading=\"lazy\" decoding=\"async\" class=\"alignleft size-full wp-image-60\" src=\"http:\/\/www.amalurcooperativaintegral.org\/lasemilla\/wp-content\/uploads\/2015\/01\/de-tinta-papel-y-corazon.jpg\" alt=\"de-tinta-papel-y-corazon\" width=\"375\" height=\"525\" srcset=\"https:\/\/www.amalurcooperativaintegral.org\/lasemilla\/wp-content\/uploads\/2015\/01\/de-tinta-papel-y-corazon.jpg 375w, https:\/\/www.amalurcooperativaintegral.org\/lasemilla\/wp-content\/uploads\/2015\/01\/de-tinta-papel-y-corazon-214x300.jpg 214w\" sizes=\"auto, (max-width: 375px) 100vw, 375px\" \/><\/a><\/p>\n","protected":false},"excerpt":{"rendered":"<p>ARTICULOS Esta secci\u00f3n queremos dedicarla, a l@s artistas de la tinta y el papel, y que adem\u00e1s ponen el coraz\u00f3n en lo que hacen, poes\u00eda, y literatura sentida y que haga sentir. Tiene cabida en estas p\u00e1ginas de LA SEMILLA tod@s aquell@s que les guste expresar sus sentimientos a trav\u00e9s de la escritura, tanto autores [&#8230;]<\/p>\n","protected":false},"author":1,"featured_media":0,"parent":0,"menu_order":0,"comment_status":"open","ping_status":"open","template":"","meta":{"footnotes":""},"class_list":["post-59","page","type-page","status-publish","hentry"],"_links":{"self":[{"href":"https:\/\/www.amalurcooperativaintegral.org\/lasemilla\/index.php?rest_route=\/wp\/v2\/pages\/59","targetHints":{"allow":["GET"]}}],"collection":[{"href":"https:\/\/www.amalurcooperativaintegral.org\/lasemilla\/index.php?rest_route=\/wp\/v2\/pages"}],"about":[{"href":"https:\/\/www.amalurcooperativaintegral.org\/lasemilla\/index.php?rest_route=\/wp\/v2\/types\/page"}],"author":[{"embeddable":true,"href":"https:\/\/www.amalurcooperativaintegral.org\/lasemilla\/index.php?rest_route=\/wp\/v2\/users\/1"}],"replies":[{"embeddable":true,"href":"https:\/\/www.amalurcooperativaintegral.org\/lasemilla\/index.php?rest_route=%2Fwp%2Fv2%2Fcomments&post=59"}],"version-history":[{"count":3,"href":"https:\/\/www.amalurcooperativaintegral.org\/lasemilla\/index.php?rest_route=\/wp\/v2\/pages\/59\/revisions"}],"predecessor-version":[{"id":160,"href":"https:\/\/www.amalurcooperativaintegral.org\/lasemilla\/index.php?rest_route=\/wp\/v2\/pages\/59\/revisions\/160"}],"wp:attachment":[{"href":"https:\/\/www.amalurcooperativaintegral.org\/lasemilla\/index.php?rest_route=%2Fwp%2Fv2%2Fmedia&parent=59"}],"curies":[{"name":"wp","href":"https:\/\/api.w.org\/{rel}","templated":true}]}}

De tinta, Papel y Corazón

<p><a href="http://www.amalurcooperativaintegral.org/lasemilla/?cat=14">ARTICULOS</a></p>
<p>Esta sección queremos dedicarla, a l@s artistas de la tinta y el papel, y que además ponen el corazón en lo que hacen, poesía, y literatura sentida y que haga sentir. Tiene cabida en estas páginas de LA SEMILLA tod@s aquell@s que les guste expresar sus sentimientos a través de la escritura, tanto autores noveles como reconocid@s tienen su lugar aquí, para llegar a todos los rincones, donde exista un corazón sensible y abierto a ser tocado. Bienvenid@s a la expresión de nuestros sentimientos&#8230;bienvenid@s a nuestros propios corazones&#8230;</p>
<p><a href="http://www.amalurcooperativaintegral.org/lasemilla/wp-content/uploads/2015/01/de-tinta-papel-y-corazon.jpg"><img loading="lazy" decoding="async" class="alignleft size-full wp-image-60" src="http://www.amalurcooperativaintegral.org/lasemilla/wp-content/uploads/2015/01/de-tinta-papel-y-corazon.jpg" alt="de-tinta-papel-y-corazon" width="375" height="525" srcset="https://www.amalurcooperativaintegral.org/lasemilla/wp-content/uploads/2015/01/de-tinta-papel-y-corazon.jpg 375w, https://www.amalurcooperativaintegral.org/lasemilla/wp-content/uploads/2015/01/de-tinta-papel-y-corazon-214x300.jpg 214w" sizes="auto, (max-width: 375px) 100vw, 375px" /></a></p>

<p>ARTICULOS Esta sección queremos dedicarla, a l@s artistas de la tinta y el papel, y que además ponen el corazón en lo que hacen, poesía, y literatura sentida y que haga sentir. Tiene cabida en estas páginas de LA SEMILLA tod@s aquell@s que les guste expresar sus sentimientos a través de la escritura, tanto autores [&#8230;]</p>
