{"id":56,"date":"2015-01-15T15:35:23","date_gmt":"2015-01-15T15:35:23","guid":{"rendered":"http:\/\/www.amalurcooperativaintegral.org\/lasemilla\/?page_id=56"},"modified":"2015-04-23T17:26:06","modified_gmt":"2015-04-23T17:26:06","slug":"la-semilla-musical","status":"publish","type":"page","link":"https:\/\/www.amalurcooperativaintegral.org\/lasemilla\/?page_id=56","title":{"rendered":"La Semilla Musical"},"content":{"rendered":"<p><a href=\"http:\/\/www.amalurcooperativaintegral.org\/lasemilla\/?cat=3\">ARTICULOS<\/a><\/p>\n<p>En esta secci\u00f3n queremos abrirnos a la creatividad musical, a todos aquellos que tengan algo que decir y lo quieran decir cantando, sin miedo a la libertad, sin miedo a ser libres. Podr\u00e9is conocer a viejos y noveles cantautores de todos los estilos, y de vez en cuando disfrutar de sus discos. Abrir bien los o\u00eddos y gozar de la m\u00fasica de l@s juglares, de l@s trovadores de la voz y la poes\u00eda musicalizada, de est@s modest@s seres que recorren nuestras calles y plazas para hacernos la vida mas grata, y darle sinton\u00eda al viento&#8230;y sentido a nuestros corazones&#8230;disfr\u00fatalo<\/p>\n<p><a href=\"http:\/\/www.amalurcooperativaintegral.org\/lasemilla\/wp-content\/uploads\/2015\/01\/la-semilla-musical.jpg\"><img loading=\"lazy\" decoding=\"async\" class=\"alignleft size-full wp-image-57\" src=\"http:\/\/www.amalurcooperativaintegral.org\/lasemilla\/wp-content\/uploads\/2015\/01\/la-semilla-musical.jpg\" alt=\"la-semilla-musical\" width=\"300\" height=\"408\" srcset=\"https:\/\/www.amalurcooperativaintegral.org\/lasemilla\/wp-content\/uploads\/2015\/01\/la-semilla-musical.jpg 300w, https:\/\/www.amalurcooperativaintegral.org\/lasemilla\/wp-content\/uploads\/2015\/01\/la-semilla-musical-221x300.jpg 221w\" sizes=\"auto, (max-width: 300px) 100vw, 300px\" \/><\/a><\/p>\n","protected":false},"excerpt":{"rendered":"<p>ARTICULOS En esta secci\u00f3n queremos abrirnos a la creatividad musical, a todos aquellos que tengan algo que decir y lo quieran decir cantando, sin miedo a la libertad, sin miedo a ser libres. Podr\u00e9is conocer a viejos y noveles cantautores de todos los estilos, y de vez en cuando disfrutar de sus discos. Abrir bien [&#8230;]<\/p>\n","protected":false},"author":1,"featured_media":0,"parent":0,"menu_order":0,"comment_status":"open","ping_status":"open","template":"","meta":{"footnotes":""},"class_list":["post-56","page","type-page","status-publish","hentry"],"_links":{"self":[{"href":"https:\/\/www.amalurcooperativaintegral.org\/lasemilla\/index.php?rest_route=\/wp\/v2\/pages\/56","targetHints":{"allow":["GET"]}}],"collection":[{"href":"https:\/\/www.amalurcooperativaintegral.org\/lasemilla\/index.php?rest_route=\/wp\/v2\/pages"}],"about":[{"href":"https:\/\/www.amalurcooperativaintegral.org\/lasemilla\/index.php?rest_route=\/wp\/v2\/types\/page"}],"author":[{"embeddable":true,"href":"https:\/\/www.amalurcooperativaintegral.org\/lasemilla\/index.php?rest_route=\/wp\/v2\/users\/1"}],"replies":[{"embeddable":true,"href":"https:\/\/www.amalurcooperativaintegral.org\/lasemilla\/index.php?rest_route=%2Fwp%2Fv2%2Fcomments&post=56"}],"version-history":[{"count":2,"href":"https:\/\/www.amalurcooperativaintegral.org\/lasemilla\/index.php?rest_route=\/wp\/v2\/pages\/56\/revisions"}],"predecessor-version":[{"id":156,"href":"https:\/\/www.amalurcooperativaintegral.org\/lasemilla\/index.php?rest_route=\/wp\/v2\/pages\/56\/revisions\/156"}],"wp:attachment":[{"href":"https:\/\/www.amalurcooperativaintegral.org\/lasemilla\/index.php?rest_route=%2Fwp%2Fv2%2Fmedia&parent=56"}],"curies":[{"name":"wp","href":"https:\/\/api.w.org\/{rel}","templated":true}]}}

<p><a href="http://www.amalurcooperativaintegral.org/lasemilla/?cat=3">ARTICULOS</a></p>
<p>En esta sección queremos abrirnos a la creatividad musical, a todos aquellos que tengan algo que decir y lo quieran decir cantando, sin miedo a la libertad, sin miedo a ser libres. Podréis conocer a viejos y noveles cantautores de todos los estilos, y de vez en cuando disfrutar de sus discos. Abrir bien los oídos y gozar de la música de l@s juglares, de l@s trovadores de la voz y la poesía musicalizada, de est@s modest@s seres que recorren nuestras calles y plazas para hacernos la vida mas grata, y darle sintonía al viento&#8230;y sentido a nuestros corazones&#8230;disfrútalo</p>
<p><a href="http://www.amalurcooperativaintegral.org/lasemilla/wp-content/uploads/2015/01/la-semilla-musical.jpg"><img loading="lazy" decoding="async" class="alignleft size-full wp-image-57" src="http://www.amalurcooperativaintegral.org/lasemilla/wp-content/uploads/2015/01/la-semilla-musical.jpg" alt="la-semilla-musical" width="300" height="408" srcset="https://www.amalurcooperativaintegral.org/lasemilla/wp-content/uploads/2015/01/la-semilla-musical.jpg 300w, https://www.amalurcooperativaintegral.org/lasemilla/wp-content/uploads/2015/01/la-semilla-musical-221x300.jpg 221w" sizes="auto, (max-width: 300px) 100vw, 300px" /></a></p>

<p>ARTICULOS En esta sección queremos abrirnos a la creatividad musical, a todos aquellos que tengan algo que decir y lo quieran decir cantando, sin miedo a la libertad, sin miedo a ser libres. Podréis conocer a viejos y noveles cantautores de todos los estilos, y de vez en cuando disfrutar de sus discos. Abrir bien [&#8230;]</p>
