{"id":49,"date":"2015-01-15T15:26:19","date_gmt":"2015-01-15T15:26:19","guid":{"rendered":"http:\/\/www.amalurcooperativaintegral.org\/lasemilla\/?page_id=49"},"modified":"2016-04-26T11:36:00","modified_gmt":"2016-04-26T11:36:00","slug":"con-ciencia","status":"publish","type":"page","link":"https:\/\/www.amalurcooperativaintegral.org\/lasemilla\/?page_id=49","title":{"rendered":"Con-ciencia"},"content":{"rendered":"<p><a href=\"http:\/\/www.amalurcooperativaintegral.org\/lasemilla\/?cat=60\">Art\u00edculos<\/a><\/p>\n<p>Esta secci\u00f3n va ha estar dedicada, como su propio nombre indica, a la divulgaci\u00f3n cient\u00edfica. Pero, tambi\u00e9n como indica su nombre, no a cualquier forma de \u201cciencia\u201d. Es esta una palabra muy desgastada por las instancias del poder, que, normalmente, cuando la nombran hacen referencia a cualquier otra cosa, sino distinta, verdaderamente contraria al verdadero significado y contenido del conocimiento, la ciencia y la conciencia.. Queremos rescatar y hacer incapi\u00e9 sobre todo en las ciencias prohibidas por el poder, a saber la historia, la verdadera historia tanto humana como natural, tan injustamente separadas hasta hoy, y el psicoan\u00e1lisis en su amplia concepci\u00f3n de an\u00e1lisis cient\u00edfico de nuestra mente, as\u00ed como en las ciencias de la vida y el medio ambiente de las que depende nuestra supervivencia. Bienvenido a tu con-ciencia&#8230;<\/p>\n<p><a href=\"http:\/\/www.amalurcooperativaintegral.org\/lasemilla\/wp-content\/uploads\/2015\/01\/Con-ciencia.jpg\"><img loading=\"lazy\" decoding=\"async\" class=\"alignleft size-full wp-image-50\" src=\"http:\/\/www.amalurcooperativaintegral.org\/lasemilla\/wp-content\/uploads\/2015\/01\/Con-ciencia.jpg\" alt=\"Con-ciencia\" width=\"500\" height=\"400\" srcset=\"https:\/\/www.amalurcooperativaintegral.org\/lasemilla\/wp-content\/uploads\/2015\/01\/Con-ciencia.jpg 500w, https:\/\/www.amalurcooperativaintegral.org\/lasemilla\/wp-content\/uploads\/2015\/01\/Con-ciencia-300x240.jpg 300w\" sizes=\"auto, (max-width: 500px) 100vw, 500px\" \/><\/a><\/p>\n","protected":false},"excerpt":{"rendered":"<p>Art\u00edculos Esta secci\u00f3n va ha estar dedicada, como su propio nombre indica, a la divulgaci\u00f3n cient\u00edfica. Pero, tambi\u00e9n como indica su nombre, no a cualquier forma de \u201cciencia\u201d. Es esta una palabra muy desgastada por las instancias del poder, que, normalmente, cuando la nombran hacen referencia a cualquier otra cosa, sino distinta, verdaderamente contraria al [&#8230;]<\/p>\n","protected":false},"author":1,"featured_media":0,"parent":0,"menu_order":0,"comment_status":"open","ping_status":"open","template":"","meta":{"footnotes":""},"class_list":["post-49","page","type-page","status-publish","hentry"],"_links":{"self":[{"href":"https:\/\/www.amalurcooperativaintegral.org\/lasemilla\/index.php?rest_route=\/wp\/v2\/pages\/49","targetHints":{"allow":["GET"]}}],"collection":[{"href":"https:\/\/www.amalurcooperativaintegral.org\/lasemilla\/index.php?rest_route=\/wp\/v2\/pages"}],"about":[{"href":"https:\/\/www.amalurcooperativaintegral.org\/lasemilla\/index.php?rest_route=\/wp\/v2\/types\/page"}],"author":[{"embeddable":true,"href":"https:\/\/www.amalurcooperativaintegral.org\/lasemilla\/index.php?rest_route=\/wp\/v2\/users\/1"}],"replies":[{"embeddable":true,"href":"https:\/\/www.amalurcooperativaintegral.org\/lasemilla\/index.php?rest_route=%2Fwp%2Fv2%2Fcomments&post=49"}],"version-history":[{"count":3,"href":"https:\/\/www.amalurcooperativaintegral.org\/lasemilla\/index.php?rest_route=\/wp\/v2\/pages\/49\/revisions"}],"predecessor-version":[{"id":450,"href":"https:\/\/www.amalurcooperativaintegral.org\/lasemilla\/index.php?rest_route=\/wp\/v2\/pages\/49\/revisions\/450"}],"wp:attachment":[{"href":"https:\/\/www.amalurcooperativaintegral.org\/lasemilla\/index.php?rest_route=%2Fwp%2Fv2%2Fmedia&parent=49"}],"curies":[{"name":"wp","href":"https:\/\/api.w.org\/{rel}","templated":true}]}}

<p><a href="http://www.amalurcooperativaintegral.org/lasemilla/?cat=60">Artículos</a></p>
<p>Esta sección va ha estar dedicada, como su propio nombre indica, a la divulgación científica. Pero, también como indica su nombre, no a cualquier forma de “ciencia”. Es esta una palabra muy desgastada por las instancias del poder, que, normalmente, cuando la nombran hacen referencia a cualquier otra cosa, sino distinta, verdaderamente contraria al verdadero significado y contenido del conocimiento, la ciencia y la conciencia.. Queremos rescatar y hacer incapié sobre todo en las ciencias prohibidas por el poder, a saber la historia, la verdadera historia tanto humana como natural, tan injustamente separadas hasta hoy, y el psicoanálisis en su amplia concepción de análisis científico de nuestra mente, así como en las ciencias de la vida y el medio ambiente de las que depende nuestra supervivencia. Bienvenido a tu con-ciencia&#8230;</p>
<p><a href="http://www.amalurcooperativaintegral.org/lasemilla/wp-content/uploads/2015/01/Con-ciencia.jpg"><img loading="lazy" decoding="async" class="alignleft size-full wp-image-50" src="http://www.amalurcooperativaintegral.org/lasemilla/wp-content/uploads/2015/01/Con-ciencia.jpg" alt="Con-ciencia" width="500" height="400" srcset="https://www.amalurcooperativaintegral.org/lasemilla/wp-content/uploads/2015/01/Con-ciencia.jpg 500w, https://www.amalurcooperativaintegral.org/lasemilla/wp-content/uploads/2015/01/Con-ciencia-300x240.jpg 300w" sizes="auto, (max-width: 500px) 100vw, 500px" /></a></p>

<p>Artículos Esta sección va ha estar dedicada, como su propio nombre indica, a la divulgación científica. Pero, también como indica su nombre, no a cualquier forma de “ciencia”. Es esta una palabra muy desgastada por las instancias del poder, que, normalmente, cuando la nombran hacen referencia a cualquier otra cosa, sino distinta, verdaderamente contraria al [&#8230;]</p>
