{"id":43,"date":"2015-01-15T15:13:13","date_gmt":"2015-01-15T15:13:13","guid":{"rendered":"http:\/\/www.amalurcooperativaintegral.org\/lasemilla\/?page_id=43"},"modified":"2015-04-23T17:24:41","modified_gmt":"2015-04-23T17:24:41","slug":"la-otra-educacion","status":"publish","type":"page","link":"https:\/\/www.amalurcooperativaintegral.org\/lasemilla\/?page_id=43","title":{"rendered":"La Otra Educaci\u00f3n"},"content":{"rendered":"<p><a href=\"http:\/\/www.amalurcooperativaintegral.org\/lasemilla\/?cat=2\">ARTICULOS<\/a><\/p>\n<p><strong>Pensamos que la educaci\u00f3n es un tema clave para el futuro de nuestra sociedad, debe de ser el acompa\u00f1amiento de l@s ni\u00f1@s en su proceso de aprendizaje en la vida, en este sentido es extrapolable a cualquier edad pues nuestra especie conserva la capacidad de aprender a lo largo de toda su vida.<\/strong><\/p>\n<p><strong> Hoy en d\u00eda dominantemente se considera la educaci\u00f3n un proceso de imposici\u00f3n (el educare romano) de los criterios de la sociedad capitalista en el pensamiento de l@s ni\u00f1@s, forzando su tendencia natural a la libertad y la investigaci\u00f3n cient\u00edfica de su entorno, hacia la obediencia ciega a la autoridad, y la aceptaci\u00f3n acr\u00edtica, de memoria, de toda la informaci\u00f3n que decidan los planes de estudio del estado o de la entidad educativa privada de turno inculcar en las mentes de nuestr@s hij@s.<\/strong><\/p>\n<p><strong>Nuestra opci\u00f3n pues es la educaci\u00f3n libre y comunitaria, por que pensamos que el desarrollo libre de los instintos naturales de nuestr@s ni\u00f1@s es lo que los hace humanos y les permite desarrollar su creatividad y capacidad cient\u00edfica natural hasta el m\u00e1ximo de su capacidad, los adultos solo tenemos que acompa\u00f1arles (educere) en el proceso y facilitarles los medios y herramientas para que puedan aprender de un entorno enrriquecedor y estimulador de su instinto de aprendizaje y de afectividad.<\/strong><\/p>\n<p><a href=\"http:\/\/www.amalurcooperativaintegral.org\/lasemilla\/wp-content\/uploads\/2015\/01\/La-otra-educacion.jpg\"><img loading=\"lazy\" decoding=\"async\" class=\"alignleft size-full wp-image-73\" src=\"http:\/\/www.amalurcooperativaintegral.org\/lasemilla\/wp-content\/uploads\/2015\/01\/La-otra-educacion.jpg\" alt=\"La-otra-educacion\" width=\"430\" height=\"310\" srcset=\"https:\/\/www.amalurcooperativaintegral.org\/lasemilla\/wp-content\/uploads\/2015\/01\/La-otra-educacion.jpg 430w, https:\/\/www.amalurcooperativaintegral.org\/lasemilla\/wp-content\/uploads\/2015\/01\/La-otra-educacion-300x216.jpg 300w\" sizes=\"auto, (max-width: 430px) 100vw, 430px\" \/><\/a><\/p>\n<p>&nbsp;<\/p>\n","protected":false},"excerpt":{"rendered":"<p>ARTICULOS Pensamos que la educaci\u00f3n es un tema clave para el futuro de nuestra sociedad, debe de ser el acompa\u00f1amiento de l@s ni\u00f1@s en su proceso de aprendizaje en la vida, en este sentido es extrapolable a cualquier edad pues nuestra especie conserva la capacidad de aprender a lo largo de toda su vida. Hoy [&#8230;]<\/p>\n","protected":false},"author":1,"featured_media":0,"parent":0,"menu_order":0,"comment_status":"open","ping_status":"open","template":"","meta":{"footnotes":""},"class_list":["post-43","page","type-page","status-publish","hentry"],"_links":{"self":[{"href":"https:\/\/www.amalurcooperativaintegral.org\/lasemilla\/index.php?rest_route=\/wp\/v2\/pages\/43","targetHints":{"allow":["GET"]}}],"collection":[{"href":"https:\/\/www.amalurcooperativaintegral.org\/lasemilla\/index.php?rest_route=\/wp\/v2\/pages"}],"about":[{"href":"https:\/\/www.amalurcooperativaintegral.org\/lasemilla\/index.php?rest_route=\/wp\/v2\/types\/page"}],"author":[{"embeddable":true,"href":"https:\/\/www.amalurcooperativaintegral.org\/lasemilla\/index.php?rest_route=\/wp\/v2\/users\/1"}],"replies":[{"embeddable":true,"href":"https:\/\/www.amalurcooperativaintegral.org\/lasemilla\/index.php?rest_route=%2Fwp%2Fv2%2Fcomments&post=43"}],"version-history":[{"count":5,"href":"https:\/\/www.amalurcooperativaintegral.org\/lasemilla\/index.php?rest_route=\/wp\/v2\/pages\/43\/revisions"}],"predecessor-version":[{"id":155,"href":"https:\/\/www.amalurcooperativaintegral.org\/lasemilla\/index.php?rest_route=\/wp\/v2\/pages\/43\/revisions\/155"}],"wp:attachment":[{"href":"https:\/\/www.amalurcooperativaintegral.org\/lasemilla\/index.php?rest_route=%2Fwp%2Fv2%2Fmedia&parent=43"}],"curies":[{"name":"wp","href":"https:\/\/api.w.org\/{rel}","templated":true}]}}

La Otra Educación

<p><a href="http://www.amalurcooperativaintegral.org/lasemilla/?cat=2">ARTICULOS</a></p>
<p><strong>Pensamos que la educación es un tema clave para el futuro de nuestra sociedad, debe de ser el acompañamiento de l@s niñ@s en su proceso de aprendizaje en la vida, en este sentido es extrapolable a cualquier edad pues nuestra especie conserva la capacidad de aprender a lo largo de toda su vida.</strong></p>
<p><strong> Hoy en día dominantemente se considera la educación un proceso de imposición (el educare romano) de los criterios de la sociedad capitalista en el pensamiento de l@s niñ@s, forzando su tendencia natural a la libertad y la investigación científica de su entorno, hacia la obediencia ciega a la autoridad, y la aceptación acrítica, de memoria, de toda la información que decidan los planes de estudio del estado o de la entidad educativa privada de turno inculcar en las mentes de nuestr@s hij@s.</strong></p>
<p><strong>Nuestra opción pues es la educación libre y comunitaria, por que pensamos que el desarrollo libre de los instintos naturales de nuestr@s niñ@s es lo que los hace humanos y les permite desarrollar su creatividad y capacidad científica natural hasta el máximo de su capacidad, los adultos solo tenemos que acompañarles (educere) en el proceso y facilitarles los medios y herramientas para que puedan aprender de un entorno enrriquecedor y estimulador de su instinto de aprendizaje y de afectividad.</strong></p>
<p><a href="http://www.amalurcooperativaintegral.org/lasemilla/wp-content/uploads/2015/01/La-otra-educacion.jpg"><img loading="lazy" decoding="async" class="alignleft size-full wp-image-73" src="http://www.amalurcooperativaintegral.org/lasemilla/wp-content/uploads/2015/01/La-otra-educacion.jpg" alt="La-otra-educacion" width="430" height="310" srcset="https://www.amalurcooperativaintegral.org/lasemilla/wp-content/uploads/2015/01/La-otra-educacion.jpg 430w, https://www.amalurcooperativaintegral.org/lasemilla/wp-content/uploads/2015/01/La-otra-educacion-300x216.jpg 300w" sizes="auto, (max-width: 430px) 100vw, 430px" /></a></p>
<p>&nbsp;</p>

<p>ARTICULOS Pensamos que la educación es un tema clave para el futuro de nuestra sociedad, debe de ser el acompañamiento de l@s niñ@s en su proceso de aprendizaje en la vida, en este sentido es extrapolable a cualquier edad pues nuestra especie conserva la capacidad de aprender a lo largo de toda su vida. Hoy [&#8230;]</p>
