{"id":39,"date":"2015-01-15T15:07:26","date_gmt":"2015-01-15T15:07:26","guid":{"rendered":"http:\/\/www.amalurcooperativaintegral.org\/lasemilla\/?page_id=39"},"modified":"2015-06-09T15:22:05","modified_gmt":"2015-06-09T15:22:05","slug":"salud-integral","status":"publish","type":"page","link":"https:\/\/www.amalurcooperativaintegral.org\/lasemilla\/?page_id=39","title":{"rendered":"Salud Integral"},"content":{"rendered":"<p><a href=\"http:\/\/www.amalurcooperativaintegral.org\/lasemilla\/?cat=16\">Articulos<\/a><\/p>\n<p>Todas las personas humanas tienen derecho a una salud integral y gratuita. En este sentido denunciamos que la medicina y las salud que se difunde oficialmente, como concepto de salud dominante actual, es farmacodependiente, est\u00e1 mercantilizada y es meramente sintomatol\u00f3gica y alop\u00e1tica. Trata a los pacientes como clientes a los que extraer el beneficio empresarial y no como personas humanas con derecho a una salud integral y gratuita.<\/p>\n<p>El trato que se le debe dar a una persona enferma debe de ser desde el cari\u00f1o y el amor, con un sentido emp\u00e1tico natural y desde una actitud completamente vocacional. Denunciamos la cantidad de carencias en el trato a las personas enfermas desde la medicina oficial, consideradas, muy frecuentemente como n\u00fameros u objetos de tratar, recetar y despedir, a lo cual los actuales recortes en la sanidad p\u00fablica contribuyen mas todavia.<\/p>\n<p>Queremos contribuir a otro tipo de salud, bien distinto al dominante en la actualidad. Consideramos la salud como algo hol\u00edstico e integral, que tenga en cuenta tanto el bienestar f\u00edsico, psiquico y espiritual (entendido como nuestra esencia interior, la armonia entre nuestros instintos y nuestra conciencia, pasando por nuestros afectos), como los sistemas fisiol\u00f3gicos y bioqu\u00edmicos del organismo en buena funcionalidad y tambien las necesidades sociales y comunitarias satisfechas, tanto a nivel individual como a nivel colectivo.<\/p>\n<p>Defendemos la autogesti\u00f3n de la salud por parte de cada persona, a nivel indivisual y tambien a nivel colectivo. La conciencia nos da libertad, tambien en este aspecto, en este sentido nos comprometemos a realizar todas las acciones que sean posibles y se nos ocurran para la toma de conciencia de nosotros mismos, a partir de aqu\u00ed es responsabilidad, en \u00faltima instancia de cada persona, tanto su salud como la salud de su comunidad y queremos contribuir a la facilitaci\u00f3n, fomento y difusi\u00f3n de este planteamiento<\/p>\n<p><a href=\"http:\/\/www.amalurcooperativaintegral.org\/lasemilla\/wp-content\/uploads\/2015\/01\/374c54e3-20d5-4dd5-bc84-24805d919248.png\"><img loading=\"lazy\" decoding=\"async\" class=\"alignleft size-full wp-image-40\" src=\"http:\/\/www.amalurcooperativaintegral.org\/lasemilla\/wp-content\/uploads\/2015\/01\/374c54e3-20d5-4dd5-bc84-24805d919248.png\" alt=\"374c54e3-20d5-4dd5-bc84-24805d919248\" width=\"1086\" height=\"504\" srcset=\"https:\/\/www.amalurcooperativaintegral.org\/lasemilla\/wp-content\/uploads\/2015\/01\/374c54e3-20d5-4dd5-bc84-24805d919248.png 1086w, https:\/\/www.amalurcooperativaintegral.org\/lasemilla\/wp-content\/uploads\/2015\/01\/374c54e3-20d5-4dd5-bc84-24805d919248-300x139.png 300w, https:\/\/www.amalurcooperativaintegral.org\/lasemilla\/wp-content\/uploads\/2015\/01\/374c54e3-20d5-4dd5-bc84-24805d919248-1024x475.png 1024w\" sizes=\"auto, (max-width: 1086px) 100vw, 1086px\" \/><\/a><\/p>\n<p>&nbsp;<\/p>\n<p>&nbsp;<\/p>\n","protected":false},"excerpt":{"rendered":"<p>Articulos Todas las personas humanas tienen derecho a una salud integral y gratuita. En este sentido denunciamos que la medicina y las salud que se difunde oficialmente, como concepto de salud dominante actual, es farmacodependiente, est\u00e1 mercantilizada y es meramente sintomatol\u00f3gica y alop\u00e1tica. Trata a los pacientes como clientes a los que extraer el beneficio [&#8230;]<\/p>\n","protected":false},"author":1,"featured_media":0,"parent":0,"menu_order":0,"comment_status":"open","ping_status":"open","template":"","meta":{"footnotes":""},"class_list":["post-39","page","type-page","status-publish","hentry"],"_links":{"self":[{"href":"https:\/\/www.amalurcooperativaintegral.org\/lasemilla\/index.php?rest_route=\/wp\/v2\/pages\/39","targetHints":{"allow":["GET"]}}],"collection":[{"href":"https:\/\/www.amalurcooperativaintegral.org\/lasemilla\/index.php?rest_route=\/wp\/v2\/pages"}],"about":[{"href":"https:\/\/www.amalurcooperativaintegral.org\/lasemilla\/index.php?rest_route=\/wp\/v2\/types\/page"}],"author":[{"embeddable":true,"href":"https:\/\/www.amalurcooperativaintegral.org\/lasemilla\/index.php?rest_route=\/wp\/v2\/users\/1"}],"replies":[{"embeddable":true,"href":"https:\/\/www.amalurcooperativaintegral.org\/lasemilla\/index.php?rest_route=%2Fwp%2Fv2%2Fcomments&post=39"}],"version-history":[{"count":3,"href":"https:\/\/www.amalurcooperativaintegral.org\/lasemilla\/index.php?rest_route=\/wp\/v2\/pages\/39\/revisions"}],"predecessor-version":[{"id":207,"href":"https:\/\/www.amalurcooperativaintegral.org\/lasemilla\/index.php?rest_route=\/wp\/v2\/pages\/39\/revisions\/207"}],"wp:attachment":[{"href":"https:\/\/www.amalurcooperativaintegral.org\/lasemilla\/index.php?rest_route=%2Fwp%2Fv2%2Fmedia&parent=39"}],"curies":[{"name":"wp","href":"https:\/\/api.w.org\/{rel}","templated":true}]}}

<p><a href="http://www.amalurcooperativaintegral.org/lasemilla/?cat=16">Articulos</a></p>
<p>Todas las personas humanas tienen derecho a una salud integral y gratuita. En este sentido denunciamos que la medicina y las salud que se difunde oficialmente, como concepto de salud dominante actual, es farmacodependiente, está mercantilizada y es meramente sintomatológica y alopática. Trata a los pacientes como clientes a los que extraer el beneficio empresarial y no como personas humanas con derecho a una salud integral y gratuita.</p>
<p>El trato que se le debe dar a una persona enferma debe de ser desde el cariño y el amor, con un sentido empático natural y desde una actitud completamente vocacional. Denunciamos la cantidad de carencias en el trato a las personas enfermas desde la medicina oficial, consideradas, muy frecuentemente como números u objetos de tratar, recetar y despedir, a lo cual los actuales recortes en la sanidad pública contribuyen mas todavia.</p>
<p>Queremos contribuir a otro tipo de salud, bien distinto al dominante en la actualidad. Consideramos la salud como algo holístico e integral, que tenga en cuenta tanto el bienestar físico, psiquico y espiritual (entendido como nuestra esencia interior, la armonia entre nuestros instintos y nuestra conciencia, pasando por nuestros afectos), como los sistemas fisiológicos y bioquímicos del organismo en buena funcionalidad y tambien las necesidades sociales y comunitarias satisfechas, tanto a nivel individual como a nivel colectivo.</p>
<p>Defendemos la autogestión de la salud por parte de cada persona, a nivel indivisual y tambien a nivel colectivo. La conciencia nos da libertad, tambien en este aspecto, en este sentido nos comprometemos a realizar todas las acciones que sean posibles y se nos ocurran para la toma de conciencia de nosotros mismos, a partir de aquí es responsabilidad, en última instancia de cada persona, tanto su salud como la salud de su comunidad y queremos contribuir a la facilitación, fomento y difusión de este planteamiento</p>
<p><a href="http://www.amalurcooperativaintegral.org/lasemilla/wp-content/uploads/2015/01/374c54e3-20d5-4dd5-bc84-24805d919248.png"><img loading="lazy" decoding="async" class="alignleft size-full wp-image-40" src="http://www.amalurcooperativaintegral.org/lasemilla/wp-content/uploads/2015/01/374c54e3-20d5-4dd5-bc84-24805d919248.png" alt="374c54e3-20d5-4dd5-bc84-24805d919248" width="1086" height="504" srcset="https://www.amalurcooperativaintegral.org/lasemilla/wp-content/uploads/2015/01/374c54e3-20d5-4dd5-bc84-24805d919248.png 1086w, https://www.amalurcooperativaintegral.org/lasemilla/wp-content/uploads/2015/01/374c54e3-20d5-4dd5-bc84-24805d919248-300x139.png 300w, https://www.amalurcooperativaintegral.org/lasemilla/wp-content/uploads/2015/01/374c54e3-20d5-4dd5-bc84-24805d919248-1024x475.png 1024w" sizes="auto, (max-width: 1086px) 100vw, 1086px" /></a></p>
<p>&nbsp;</p>
<p>&nbsp;</p>

<p>Articulos Todas las personas humanas tienen derecho a una salud integral y gratuita. En este sentido denunciamos que la medicina y las salud que se difunde oficialmente, como concepto de salud dominante actual, es farmacodependiente, está mercantilizada y es meramente sintomatológica y alopática. Trata a los pacientes como clientes a los que extraer el beneficio [&#8230;]</p>
