{"id":36,"date":"2015-01-15T14:59:43","date_gmt":"2015-01-15T14:59:43","guid":{"rendered":"http:\/\/www.amalurcooperativaintegral.org\/lasemilla\/?page_id=36"},"modified":"2015-04-23T17:27:12","modified_gmt":"2015-04-23T17:27:12","slug":"la-voz-de-los-sin-voz","status":"publish","type":"page","link":"https:\/\/www.amalurcooperativaintegral.org\/lasemilla\/?page_id=36","title":{"rendered":"La voz de los sin voz"},"content":{"rendered":"<p><a href=\"http:\/\/www.amalurcooperativaintegral.org\/lasemilla\/?cat=6\">ARTICULOS<\/a><\/p>\n<p>Esta secci\u00f3n es para que la hagan con nosotr@s, querid@s amig@s de LA SEMILLA, es un espacio abierto a la libertad de expresi\u00f3n, un espacio abierto a tod@s aquell@s que tengan algo que decir, para que l@s dem\u00e1s les escuchemos&#8230;cabe todo, desde denuncias contra flagrantes injusticias, como nuestra simple opini\u00f3n sobre cualquier tema, os prometemos publicar todas las colaboraciones, tarde o temprano, pueden ser desde dibujos y obras de arte, hasta garabatos infantiles, poes\u00edas o dislates, surrealismo o comentarios bien razonados, realidades o sue\u00f1os&#8230;en fin TODO. An\u00edmense y sean bienvenid@s a esta secci\u00f3n&#8230;que es su secci\u00f3n.<\/p>\n<p><a href=\"http:\/\/www.amalurcooperativaintegral.org\/lasemilla\/wp-content\/uploads\/2015\/01\/Voz-de-los-sin-voz.jpg\"><img loading=\"lazy\" decoding=\"async\" class=\"alignleft size-full wp-image-37\" src=\"http:\/\/www.amalurcooperativaintegral.org\/lasemilla\/wp-content\/uploads\/2015\/01\/Voz-de-los-sin-voz.jpg\" alt=\"Voz-de-los-sin-voz\" width=\"250\" height=\"200\" \/><\/a><\/p>\n","protected":false},"excerpt":{"rendered":"<p>ARTICULOS Esta secci\u00f3n es para que la hagan con nosotr@s, querid@s amig@s de LA SEMILLA, es un espacio abierto a la libertad de expresi\u00f3n, un espacio abierto a tod@s aquell@s que tengan algo que decir, para que l@s dem\u00e1s les escuchemos&#8230;cabe todo, desde denuncias contra flagrantes injusticias, como nuestra simple opini\u00f3n sobre cualquier tema, os [&#8230;]<\/p>\n","protected":false},"author":1,"featured_media":0,"parent":0,"menu_order":0,"comment_status":"open","ping_status":"open","template":"","meta":{"footnotes":""},"class_list":["post-36","page","type-page","status-publish","hentry"],"_links":{"self":[{"href":"https:\/\/www.amalurcooperativaintegral.org\/lasemilla\/index.php?rest_route=\/wp\/v2\/pages\/36","targetHints":{"allow":["GET"]}}],"collection":[{"href":"https:\/\/www.amalurcooperativaintegral.org\/lasemilla\/index.php?rest_route=\/wp\/v2\/pages"}],"about":[{"href":"https:\/\/www.amalurcooperativaintegral.org\/lasemilla\/index.php?rest_route=\/wp\/v2\/types\/page"}],"author":[{"embeddable":true,"href":"https:\/\/www.amalurcooperativaintegral.org\/lasemilla\/index.php?rest_route=\/wp\/v2\/users\/1"}],"replies":[{"embeddable":true,"href":"https:\/\/www.amalurcooperativaintegral.org\/lasemilla\/index.php?rest_route=%2Fwp%2Fv2%2Fcomments&post=36"}],"version-history":[{"count":2,"href":"https:\/\/www.amalurcooperativaintegral.org\/lasemilla\/index.php?rest_route=\/wp\/v2\/pages\/36\/revisions"}],"predecessor-version":[{"id":157,"href":"https:\/\/www.amalurcooperativaintegral.org\/lasemilla\/index.php?rest_route=\/wp\/v2\/pages\/36\/revisions\/157"}],"wp:attachment":[{"href":"https:\/\/www.amalurcooperativaintegral.org\/lasemilla\/index.php?rest_route=%2Fwp%2Fv2%2Fmedia&parent=36"}],"curies":[{"name":"wp","href":"https:\/\/api.w.org\/{rel}","templated":true}]}}

<p><a href="http://www.amalurcooperativaintegral.org/lasemilla/?cat=6">ARTICULOS</a></p>
<p>Esta sección es para que la hagan con nosotr@s, querid@s amig@s de LA SEMILLA, es un espacio abierto a la libertad de expresión, un espacio abierto a tod@s aquell@s que tengan algo que decir, para que l@s demás les escuchemos&#8230;cabe todo, desde denuncias contra flagrantes injusticias, como nuestra simple opinión sobre cualquier tema, os prometemos publicar todas las colaboraciones, tarde o temprano, pueden ser desde dibujos y obras de arte, hasta garabatos infantiles, poesías o dislates, surrealismo o comentarios bien razonados, realidades o sueños&#8230;en fin TODO. Anímense y sean bienvenid@s a esta sección&#8230;que es su sección.</p>
<p><a href="http://www.amalurcooperativaintegral.org/lasemilla/wp-content/uploads/2015/01/Voz-de-los-sin-voz.jpg"><img loading="lazy" decoding="async" class="alignleft size-full wp-image-37" src="http://www.amalurcooperativaintegral.org/lasemilla/wp-content/uploads/2015/01/Voz-de-los-sin-voz.jpg" alt="Voz-de-los-sin-voz" width="250" height="200" /></a></p>

<p>ARTICULOS Esta sección es para que la hagan con nosotr@s, querid@s amig@s de LA SEMILLA, es un espacio abierto a la libertad de expresión, un espacio abierto a tod@s aquell@s que tengan algo que decir, para que l@s demás les escuchemos&#8230;cabe todo, desde denuncias contra flagrantes injusticias, como nuestra simple opinión sobre cualquier tema, os [&#8230;]</p>
