{"id":15,"date":"2015-01-15T14:44:04","date_gmt":"2015-01-15T14:44:04","guid":{"rendered":"http:\/\/www.amalurcooperativaintegral.org\/lasemilla\/?page_id=15"},"modified":"2015-04-24T09:22:38","modified_gmt":"2015-04-24T09:22:38","slug":"15-2","status":"publish","type":"page","link":"https:\/\/www.amalurcooperativaintegral.org\/lasemilla\/?page_id=15","title":{"rendered":"Horizonte del VI Sol"},"content":{"rendered":"<p><a href=\"http:\/\/www.amalurcooperativaintegral.org\/lasemilla\/?cat=15\" target=\"_blank\">Articulos<\/a><\/p>\n<p>Esta secci\u00f3n pretende ser la voz de muy otra pol\u00edtica sobre Espa\u00f1a y el mundo, analizaremos los hechos pol\u00edticos y sociales que ocurren a lo largo y ancho del mundo desde un punto de vista bien distinto al que nos tienen acostumbrad@s los medios de IN-comunicaci\u00f3n de masas, desde el punto de vista de la denuncia de la explotaci\u00f3n que sufre la clase obrera, sea cual sea su pa\u00eds de origen&#8230;camino del VI Sol que nos anuncia la sabidur\u00eda ancestral mesoamericana y que, curiosamente, coincide con la era de acuario que anuncia la astrolog\u00eda europea&#8230;\u00bfcasualidad?&#8230;una cosa si la tenemos bien clara el signo de esta nueva era, que sin duda comienza, ser\u00e1 femenino, c\u00e1lido y h\u00famedo como la selva, como la madre Tierra , como la madre naturaleza a la que, queramos o no, sepamos o no, tod@s pertenecemos&#8230;<\/p>\n<p><a href=\"http:\/\/www.amalurcooperativaintegral.org\/lasemilla\/wp-content\/uploads\/2015\/01\/Horizonte-sexto-sol2.jpg\"><img loading=\"lazy\" decoding=\"async\" class=\"alignleft size-full wp-image-22\" src=\"http:\/\/www.amalurcooperativaintegral.org\/lasemilla\/wp-content\/uploads\/2015\/01\/Horizonte-sexto-sol2.jpg\" alt=\"Horizonte sexto sol\" width=\"400\" height=\"400\" srcset=\"https:\/\/www.amalurcooperativaintegral.org\/lasemilla\/wp-content\/uploads\/2015\/01\/Horizonte-sexto-sol2.jpg 400w, https:\/\/www.amalurcooperativaintegral.org\/lasemilla\/wp-content\/uploads\/2015\/01\/Horizonte-sexto-sol2-150x150.jpg 150w, https:\/\/www.amalurcooperativaintegral.org\/lasemilla\/wp-content\/uploads\/2015\/01\/Horizonte-sexto-sol2-300x300.jpg 300w\" sizes=\"auto, (max-width: 400px) 100vw, 400px\" \/><\/a><\/p>\n","protected":false},"excerpt":{"rendered":"<p>Articulos Esta secci\u00f3n pretende ser la voz de muy otra pol\u00edtica sobre Espa\u00f1a y el mundo, analizaremos los hechos pol\u00edticos y sociales que ocurren a lo largo y ancho del mundo desde un punto de vista bien distinto al que nos tienen acostumbrad@s los medios de IN-comunicaci\u00f3n de masas, desde el punto de vista de [&#8230;]<\/p>\n","protected":false},"author":1,"featured_media":0,"parent":0,"menu_order":0,"comment_status":"open","ping_status":"open","template":"","meta":{"footnotes":""},"class_list":["post-15","page","type-page","status-publish","hentry"],"_links":{"self":[{"href":"https:\/\/www.amalurcooperativaintegral.org\/lasemilla\/index.php?rest_route=\/wp\/v2\/pages\/15","targetHints":{"allow":["GET"]}}],"collection":[{"href":"https:\/\/www.amalurcooperativaintegral.org\/lasemilla\/index.php?rest_route=\/wp\/v2\/pages"}],"about":[{"href":"https:\/\/www.amalurcooperativaintegral.org\/lasemilla\/index.php?rest_route=\/wp\/v2\/types\/page"}],"author":[{"embeddable":true,"href":"https:\/\/www.amalurcooperativaintegral.org\/lasemilla\/index.php?rest_route=\/wp\/v2\/users\/1"}],"replies":[{"embeddable":true,"href":"https:\/\/www.amalurcooperativaintegral.org\/lasemilla\/index.php?rest_route=%2Fwp%2Fv2%2Fcomments&post=15"}],"version-history":[{"count":6,"href":"https:\/\/www.amalurcooperativaintegral.org\/lasemilla\/index.php?rest_route=\/wp\/v2\/pages\/15\/revisions"}],"predecessor-version":[{"id":170,"href":"https:\/\/www.amalurcooperativaintegral.org\/lasemilla\/index.php?rest_route=\/wp\/v2\/pages\/15\/revisions\/170"}],"wp:attachment":[{"href":"https:\/\/www.amalurcooperativaintegral.org\/lasemilla\/index.php?rest_route=%2Fwp%2Fv2%2Fmedia&parent=15"}],"curies":[{"name":"wp","href":"https:\/\/api.w.org\/{rel}","templated":true}]}}

<p><a href="http://www.amalurcooperativaintegral.org/lasemilla/?cat=15" target="_blank">Articulos</a></p>
<p>Esta sección pretende ser la voz de muy otra política sobre España y el mundo, analizaremos los hechos políticos y sociales que ocurren a lo largo y ancho del mundo desde un punto de vista bien distinto al que nos tienen acostumbrad@s los medios de IN-comunicación de masas, desde el punto de vista de la denuncia de la explotación que sufre la clase obrera, sea cual sea su país de origen&#8230;camino del VI Sol que nos anuncia la sabiduría ancestral mesoamericana y que, curiosamente, coincide con la era de acuario que anuncia la astrología europea&#8230;¿casualidad?&#8230;una cosa si la tenemos bien clara el signo de esta nueva era, que sin duda comienza, será femenino, cálido y húmedo como la selva, como la madre Tierra , como la madre naturaleza a la que, queramos o no, sepamos o no, tod@s pertenecemos&#8230;</p>
<p><a href="http://www.amalurcooperativaintegral.org/lasemilla/wp-content/uploads/2015/01/Horizonte-sexto-sol2.jpg"><img loading="lazy" decoding="async" class="alignleft size-full wp-image-22" src="http://www.amalurcooperativaintegral.org/lasemilla/wp-content/uploads/2015/01/Horizonte-sexto-sol2.jpg" alt="Horizonte sexto sol" width="400" height="400" srcset="https://www.amalurcooperativaintegral.org/lasemilla/wp-content/uploads/2015/01/Horizonte-sexto-sol2.jpg 400w, https://www.amalurcooperativaintegral.org/lasemilla/wp-content/uploads/2015/01/Horizonte-sexto-sol2-150x150.jpg 150w, https://www.amalurcooperativaintegral.org/lasemilla/wp-content/uploads/2015/01/Horizonte-sexto-sol2-300x300.jpg 300w" sizes="auto, (max-width: 400px) 100vw, 400px" /></a></p>

<p>Articulos Esta sección pretende ser la voz de muy otra política sobre España y el mundo, analizaremos los hechos políticos y sociales que ocurren a lo largo y ancho del mundo desde un punto de vista bien distinto al que nos tienen acostumbrad@s los medios de IN-comunicación de masas, desde el punto de vista de [&#8230;]</p>
